-112
Let n(u) = -58*u**3 + u**2 + 2*u - 3. What is n(1)?
-58
Let u(f) = 4*f + 65. What is u(-18)?
-7
Let r(z) = z**2 - 2*z + 1. Give r(4).
9
Let f(y) = -y**3 - 10*y**2 + 22*y - 9. What is f(-12)?
15
Let g(v) = v**3 - 7*v**2 - v - 6. Determine g(6).
-48
Let d(n) = -4*n - 13. Calculate d(-5).
7
Let i(f) = f**2 - 5*f - 1. Give i(4).
-5
Let b(w) = w**2 + 16*w + 16. Calculate b(-14).
-12
Let q(z) = z**3 + 11*z**2 + 3*z - 61. Calculate q(-10).
9
Let b(u) = -5*u + 122. Determine b(27).
-13
Let m(t) = -t + 9. Determine m(-14).
23
Let n(m) = 2*m**2 - 13*m + 6. What is n(7)?
13
Let o(q) = q**2 + 23*q + 32. Determine o(-14).
-94
Let v(a) = 5*a**3 - a**2. Determine v(2).
36
Let n(t) = 6*t**3 - 2*t**2 + 2*t + 2. Determine n(2).
46
Let a(s) = 5*s - 10. Give a(6).
20
Let w(o) = -3*o**3 + 21*o**2 + o - 17. Calculate w(7).
-10
Let l(g) = -2*g - 10. Calculate l(-7).
4
Let x(t) = t**3 - 9*t**2 + t - 2. Determine x(9).
7
Let t(m) = 2*m - 16. Determine t(-9).
-34
Let u(p) = -21*p - 1. What is u(4)?
-85
Let k(c) = -3*c**2 - 30*c - 2. Calculate k(-10).
-2
Let m(b) = 2*b**3 - 9*b**2 - 16*b - 10. Calculate m(6).
2
Let q(f) = -7*f + 100. What is q(15)?
-5
Let n(h) = h**3 + 19*h**2 - 19*h + 29. Calculate n(-20).
9
Let b(x) = 34*x + 10. Calculate b(-3).
-92
Let y(a) = -a**2 + 5*a + 28. Determine y(9).
-8
Let j(y) = -13*y**2 + 1. Give j(-1).
-12
Let x(l) = -9*l + 36. Calculate x(4).
0
Let y(l) = -l**3 - 4*l**2 - 2*l + 5. Determine y(-5).
40
Let w(z) = -z**3 - 36*z**2 + 75*z + 1. Calculate w(-38).
39
Let c(y) = -4*y - 12. Give c(-5).
8
Let y(o) = -o - 3. Determine y(2).
-5
Let g(f) = -5*f + 58. Determine g(8).
18
Let o(f) = -f**3 + 8*f**2 + f - 1. What is o(9)?
-73
Let z(d) = d**3 + 14*d**2 + d. Determine z(-14).
-14
Let i(z) = z**2 + 9*z + 28. What is i(-3)?
10
Let s(k) = -2*k**3 - 5*k**2 - k. What is s(-2)?
-2
Let w(s) = -2*s - 9. Determine w(-9).
9
Let l(o) = -o**2 + 6*o + 18. Determine l(9).
-9
Let v(p) = p**3 - 6*p**2 + 6*p + 4. Determine v(5).
9
Let s(m) = -8*m + 241. What is s(25)?
41
Let f(u) = 6*u - 30. Give f(-12).
-102
Let d(f) = 125*f**2 + f. Determine d(-1).
124
Let l(d) = -2*d**2 + 2*d + 31. Calculate l(5).
-9
Let s(o) = 2*o**3 + 5*o**2 - 8*o - 13. Give s(-5).
-98
Let k(z) = -z**3 - 8*z**2 + z + 3. Give k(-4).
-65
Let a(v) = -2*v**2 - 6*v - 6. What is a(-6)?
-42
Let x(k) = -k**3 + k**2 - 6*k - 13. Determine x(0).
-13
Let o(n) = -n**3 - 4. What is o(-2)?
4
Let y(c) = -2*c + 33. Give y(12).
9
Let c(j) = 5*j - 13. Calculate c(4).
7
Let z(m) = -m**3 - 4*m**2 + 10*m + 13. Calculate z(-5).
-12
Let i(r) = -3*r. What is i(4)?
-12
Let t(f) = -f**3 + 5*f**2 - f - 5. Calculate t(5).
-10
Let q(m) = m**3 - 5*m**2 - 3*m + 5. Determine q(6).
23
Let k(o) = o**2 - 384*o + 4467. What is k(12)?
3
Let n(y) = -7*y - 19. What is n(-3)?
2
Let q(t) = -t**3 + 13*t**2 - 21*t - 9. Determine q(11).
2
Let c(i) = i**2 + 18*i - 38. Determine c(-19).
-19
Let n(u) = -36*u + 12. Determine n(-3).
120
Let l(m) = -3*m + 45. Determine l(16).
-3
Let v(h) = 69*h**3 + 2*h**2 - 3*h - 4. What is v(-1)?
-68
Let a(i) = -2*i + 53. Determine a(13).
27
Let y(m) = m**2 + 3*m - 126. Determine y(-13).
4
Let l(i) = -8*i**2 - 70*i + 18. Determine l(-9).
0
Let o(z) = -2*z**2 - 71*z + 26. Calculate o(-36).
-10
Let c(o) = o**2 - 9*o + 7. What is c(9)?
7
Let b(l) = -17*l + 4. What is b(-3)?
55
Let p(s) = 4*s - 56. What is p(28)?
56
Let u(q) = -q**3 - 12*q**2 - 11*q - 7. Calculate u(-11).
-7
Let j(b) = 3*b**2 + 5*b - 4. Calculate j(-4).
24
Let v(u) = -u**2 - 11*u - 25. Calculate v(-6).
5
Let i(p) = 3*p**2 - 14*p - 2. Give i(6).
22
Let b(m) = -m**2 - 2*m + 13. What is b(5)?
-22
Let t(i) = i**2 - 2*i - 61. Calculate t(-7).
2
Let z(p) = -3*p + 15. Give z(13).
-24
Let d(y) = 44*y + 1. Determine d(-1).
-43
Let w(t) = t**3 + 9*t**2 + 10*t + 12. Determine w(-8).
-4
Let f(z) = -z + 9. Calculate f(5).
4
Let k(a) = 25*a + 96. Give k(-4).
-4
Let g(k) = -k**2 - 2*k. What is g(-2)?
0
Let v(o) = -o**3 + 4*o + 2. Calculate v(3).
-13
Let v(c) = -c**3 - 7*c**2 + 12*c + 27. Calculate v(-7).
-57
Let a(l) = 4*l**3 - l**2 - 2*l + 2. Determine a(1).
3
Let c(f) = f - 7. Give c(7).
0
Let m(g) = -40*g - 121. What is m(-4)?
39
Let w(c) = c**2 + 14*c - 20. Give w(2).
12
Let s(y) = -y**2 - 4*y + 8. Give s(-6).
-4
Let g(q) = 2*q**3 - 18*q**2 - 3*q + 21. What is g(9)?
-6
Let u(o) = o**3 - 12*o**2 + 22*o - 18. Determine u(10).
2
Let i(u) = 5*u + 7. Calculate i(-4).
-13
Let v(r) = 3*r - 11. Determine v(0).
-11
Let l(a) = -a**2 + 25*a + 49. What is l(27)?
-5
Let q(a) = -12*a**3 + 50*a**2 + 3*a + 5. Determine q(4).
49
Let w(d) = -4*d**2 + 4*d - 7. Calculate w(4).
-55
Let l(p) = -p. Give l(22).
-22
Let g(z) = -z**3 + 17*z**2 - 16*z + 15. What is g(16)?
15
Let d(h) = -7*h**2 - 2*h - 4. Calculate d(-2).
-28
Let h(b) = -b**3 + 17*b**2 + 21*b - 1. Give h(18).
53
Let l(j) = 12*j + 235. Give l(-20).
-5
Let s(t) = t**3 + 8*t**2 - 6*t. What is s(-9)?
-27
Let c(f) = -4*f**2 - 86*f - 25. Determine c(-21).
17
Let r(i) = 9*i + 3. What is r(-1)?
-6
Let g(z) = -z + 17. Determine g(14).
3
Let z(n) = n**3 - 18*n**2 - 61*n - 37. What is z(21)?
5
Let d(l) = -l**2 - 5*l + 12. Determine d(-6).
6
Let t(i) = i**3 + 3*i**2 - 12*i + 7. Give t(-6).
-29
Let o(p) = 4*p**2 + p - 1. Give o(2).
17
Let i(w) = w**2 + 2*w + 2. Calculate i(-6).
26
Let y(j) = -j**2 + 16*j + 2. Determine y(15).
17
Let o(q) = -47*q**3 - q**2 + q + 1. Give o(-1).
46
Let z(v) = v**3 - 12*v**2 + 9*v + 19. What is z(12)?
127
Let d(f) = -2*f - 8. Calculate d(-6).
4
Let m(t) = t**3 + 16*t**2 + 12*t + 6. Give m(-15).
51
Let k(x) = -3*x - 4. Give k(-1).
-1
Let f(w) = 6*w + 10. Calculate f(-6).
-26
Let n(y) = -y**3 + 6*y**2 + 8*y + 8. Calculate n(7).
15
Let h(r) = -30*r + 181. Give h(6).
1
Let s(h) = -5*h - 39. Give s(-9).
6
Let l(r) = 15*r - 2. Give l(1).
13
Let m(g) = -g**2 - 10*g + 17. Give m(-13).
-22
Let v(q) = 115*q**3 - q**2 - 3*q - 2. Determine v(-1).
-115
Let m(r) = -32*r + 117. Calculate m(4).
-11
Let c(b) = -b**2 + 3*b + 6. Give c(0).
6
Let q(k) = 43*k + 4. Give q(2).
90
Let s(n) = n**2 - 10*n - 6. Calculate s(11).
5
Let j(r) = r**3 + 6*r**2 + r - 8. What is j(-5)?
12
Let z(m) = 8*m - 2. Determine z(-7).
-58
Let w(k) = -k**2 + k + 16. Calculate w(4).
4
Let x(i) = 2*i**2 + 11*i + 2. Calculate x(-5).
-3
Let b(u) = -u - 31. What is b(-10)?
-21
Let l(v) = 28*v - 18. Give l(2).
38
Let d(w) = w**3 + 4*w**2 - 4*w + 5. What is d(-5)?
0
Let q(g) = -g**2 + 8*g + 4. Determine q(10).
-16
Let q(j) = -11*j**2 - 7*j + 1. Determine q(2).
-57
Let p(d) = -d**3 + 4*d**2 - 4*d + 3. Calculate p(3).
0
Let x(i) = i**2 + 3*i - 5. What is x(0)?
-5
Let x(y) = y + 21. What is x(-21)?
0
Let j(c) = -c**3 + 9*c**2 - 2*c + 8. What is j(8)?
56
Let r(i) = -14*i + 225. Determine r(16).
1
Let z(x) = -3*x**3 + 3*x**2 - 2*x + 1. Give z(2).
-15
Let t(l) = -l**3 - 14*l**2 + 30*l + 13. Calculate t(-16).
45
Let f(g) = -17*g - 517. Calculate f(-30).
-7
Let c(n) = -2*n**3 + n**2 + 5*n + 1. Calculate c(4).
-91
Let h(w) = w**2 + 12*w + 5. Give h(-12).
5
Let s(o) = 2*o**3 + 4*o**2 + o - 6. What is s(-3)?
-27
Let x(v) = 12*v**3 - 2*v**2 - 5*v + 5. What is x(1)?
10
Let x(y) = 9*y**2 - 208*y + 22. Determine x(23).
-1
Let k(c) = 2*c - 6. Determine k(7).
8
Let b(d) = 7*d**3 - d**2 - 2*d - 1. Calculate b(-1).
-7
Let q(z) = z**3 - 3*z**2 - 2*z - 6. Give q(3).
-12
Let i(c) = -c**2 + 9*c - 1. Calculate i(8).
7
Let w(k) = k**3 - k**2 + 5*k - 2. What is w(3)?
31
Let z(a) = -a**3 + 5*a**2 - 2*a - 1. Give z(3).
11
Let a(j) = 29*j + 115. Give a(-4).
-1
Let l(n) = n + 33. Calculate l(0).
33
Let d(r) = r**2 + 15*r - 2. Determine d(-8).
-58
Let p(o) = -o**3 + 8*o**2 - 5*o - 1. What is p(7)?
13
Let j(x) = x**2 + 8*x + 3. Give j(-6).
-9
Let t(o) = -o**3 + 5*o**2 - 2*o - 5. Determine t(5).
-15
Let p(z) = -z**3 + 5*z**2 - 8*z + 11. Determine p(5).
-29
Let u(t) = -t - 26. Calculate u(-11).
-15
Let p(m) = m**3 + 44*m**2 + 80*m - 158. What is p(-42)?
10
Let j(u) = -u**2 + 14*u - 4. Give j(16).
-36
Let x(q) = -q**3 - 11*q**2 + 18*q + 59. What is x(-12)?
-13
Let x(p) = -p**2 - 32*p - 61. What is x(-28)?
51
Let r(z) = -50*z**2 + 247*z + 6. What is r(5)?
-9
Let u(i) = 16*i - 57. Give u(3).
-9
Let s(w) = 10*w + 4. Determine s(-3).
-26
Let a(o) = o**3 - 10*o**2 + 20*o - 4. Give a(9).
95
Let j(x) = -2*x**3 + 3*x**2 - 3*x + 4. Determine j(2).
-6
Let n(m) = 2*m**3 - 18*m**2